{"id":11872,"date":"2025-01-23T16:18:18","date_gmt":"2025-01-23T16:18:18","guid":{"rendered":"https:\/\/maisonmpi.com\/shop\/?post_type=product&#038;p=11872"},"modified":"2025-01-24T08:23:23","modified_gmt":"2025-01-24T08:23:23","slug":"imprimante-canon-laser-monocrome-i-sensys-lbp6030-8468b006aa","status":"publish","type":"product","link":"https:\/\/maisonmpi.com\/shop\/produit\/imprimante-canon-laser-monocrome-i-sensys-lbp6030-8468b006aa\/","title":{"rendered":"IMPRIMANTE CANON LASER MONOCROME I-SENSYS LBP6030 (8468B006AA)"},"content":{"rendered":"<p><strong>IMPRIMANTE CANON LASER MONOCROME I-SENSYS LBP6030 (8468B006AA)<\/strong><\/p>\n<p>CANON I-SENSYS LBP6030B Monocrom A4 Laser<\/p>\n<p>18 PPM, 2 USB, 150 pages bac.<\/p>\n<p>MOTEUR D&rsquo;IMPRESSION<\/p>\n<p>Vitesse d&rsquo;impression<\/p>\n<p>18 ppm (A4)\u00b9<\/p>\n<p>&nbsp;<\/p>\n<p>M\u00e9thode d&rsquo;impression<\/p>\n<p>Impression noir et blanc par syst\u00e8me \u00e0 faisceau laser<\/p>\n<p>&nbsp;<\/p>\n<p>Qualit\u00e9 d&rsquo;impression<\/p>\n<p>Jusqu&rsquo;\u00e0 2400 \u00d7 600 dpi avec fonction de lissage automatique d&rsquo;image<\/p>\n<p>&nbsp;<\/p>\n<p>R\u00e9solution<\/p>\n<p>600 \u00d7 600 dpi<\/p>\n<p>&nbsp;<\/p>\n<p>Temps de pr\u00e9chauffage<\/p>\n<p>Environ 1 seconde en sortie de veille<\/p>\n<p>10 secondes maximum depuis la mise sous tension<\/p>\n<p>&nbsp;<\/p>\n<p>Temps de sortie de la premi\u00e8re page<\/p>\n<p>Environ 7,8 secondes maximum<\/p>\n<p>&nbsp;<\/p>\n<p>Cycle de travail<\/p>\n<p>5000 pages par mois maximum<\/p>\n<p>&nbsp;<\/p>\n<p>Marges d&rsquo;impression<\/p>\n<p>5 mm haut, bas, gauche, droite<\/p>\n<p>&nbsp;<\/p>\n<p>GESTION DES SUPPORTS<\/p>\n<p>Chargeur papier (Standard)<\/p>\n<p>Bac multifonction 150 feuilles<\/p>\n<p>&nbsp;<\/p>\n<p>Sortie papier<\/p>\n<p>100 feuilles vers le bas<\/p>\n<p>&nbsp;<\/p>\n<p>Types de supports<\/p>\n<p>Papier ordinaire, papier \u00e9pais, transparents,<\/p>\n<p>\u00c9tiquettes, enveloppes<\/p>\n<p>&nbsp;<\/p>\n<p>Formats de supports<\/p>\n<p>A4\/B5\/A5\/LGL\/LTR\/EXE\/16K\/Format personnalis\u00e9<\/p>\n<p>Env. COM10\/Env. Monarch\/Env. C5\/Env. DL<\/p>\n<p>76,2\uff5e216 mm (largeur) \u00d7 188\uff5e356 mm (longueur)<\/p>\n<p>&nbsp;<\/p>\n<p>Grammages de supports<\/p>\n<p>Bac multifonction :<\/p>\n<p>60 \u00e0 163 g\/m<\/p>\n<p>&nbsp;<\/p>\n<p>CARACT\u00c9RISTIQUES G\u00c9N\u00c9RALES<\/p>\n<p>Type d&rsquo;alimentation<\/p>\n<p>Alimentation 220 \u00e0 240 V (\u00b110 %), 50\/60 Hz (\u00b12 Hz)<\/p>\n<p>&nbsp;<\/p>\n<p>Consommation<\/p>\n<p>Maximum : environ 870 W maximum<\/p>\n<p>En fonctionnement : moyenne de 330 W<\/p>\n<p>En attente : moyenne de 1,8 W maximum<\/p>\n<p>En veille prolong\u00e9e : moyenne de 0,8 W maximum<\/p>\n<p>Consommation \u00e9lectrique typique : 0,47 kWh\/semaine<\/p>\n<p>Lot26 (http:\/\/www.canon-europe.com\/For_Work\/Lot26\/index.aspx)<\/p>\n<p>&nbsp;<\/p>\n<p>Niveau de bruit<\/p>\n<p>Puissance sonore\u00b9 :<\/p>\n<p>Pendant l&rsquo;utilisation : 6,34 B maximum<\/p>\n<p>En attente : inaudible<\/p>\n<p>Pression sonore\u00b9 :<\/p>\n<p>En fonctionnement : 49,2 dB(A)<\/p>\n<p>En attente : inaudible<\/p>\n<p>&nbsp;<\/p>\n<p>Dimensions (L \u00d7 P \u00d7 H)<\/p>\n<p>364 mm \u00d7 249 mm \u00d7 199 mm<\/p>\n<p>&nbsp;<\/p>\n<p>Poids<\/p>\n<p>Environ 5 kg<\/p>\n<p>&nbsp;<\/p>\n<p>Environnement de fonctionnement<\/p>\n<p>Temp\u00e9rature : 10\uff5e30\u00baC<\/p>\n<p>Humidit\u00e9 : 20\uff5e80 % d&rsquo;humidit\u00e9 relative (sans condensation)<\/p>\n<p>&nbsp;<\/p>\n<p>Panneau de commande<\/p>\n<p>2 voyants, 2 touches de fonctionnement<\/p>\n<p>&nbsp;<\/p>\n<p>CONTR\u00d4LEUR<\/p>\n<p>M\u00e9moire<\/p>\n<p>32 Mo<\/p>\n<p>&nbsp;<\/p>\n<p>Langages de l&rsquo;imprimante<\/p>\n<p>UFRII LT<\/p>\n<p>&nbsp;<\/p>\n<p>Interface et connectivit\u00e9<\/p>\n<p>USB 2.0 Haute-vitesse<\/p>\n<p>&nbsp;<\/p>\n<p>Compatibilit\u00e9 avec les syst\u00e8mes d&rsquo;exploitation<\/p>\n<p>Windows 8.1 (32\/64 bits)\/Windows 8 (32\/64 bits)\/Windows 7 (32\/64 bits)\/Windows Vista (32\/64 bits)\/XP (32\/64 bits)\/Server 2012 (32\/64 bits)\/Server 2012 R2 (64 bits)\/Server 2008 (32\/64 bits)\/Server 2008 R2 (64 bits)\/Server 2003 (32\/64 bits)\/Mac OS X 10.6\uff5e \/Linux\u00b9\/Citrix\uff08FR2\uff09<\/p>\n","protected":false},"excerpt":{"rendered":"<p>Vitesse d&rsquo;impression noir: 18 ppm (A4)<br \/>\nQualit\u00e9 d&rsquo;impression noire: Jusqu&rsquo;\u00e0 2400 \u00d7 600 dpi<br \/>\nImpression recto\/verso: Manuelle<br \/>\nFonctionne avec: 1 Cartouche de\u00a0toner\u00a0(noir)<br \/>\nConnectivit\u00e9: USB 2.0<\/p>\n","protected":false},"featured_media":11876,"template":"","meta":[],"product_brand":[],"product_cat":[235],"product_tag":[],"class_list":{"0":"post-11872","1":"product","2":"type-product","3":"status-publish","4":"has-post-thumbnail","6":"product_cat-imprimantes-scanners","8":"first","9":"instock","10":"taxable","11":"shipping-taxable","12":"purchasable","13":"product-type-simple"},"_links":{"self":[{"href":"https:\/\/maisonmpi.com\/shop\/wp-json\/wp\/v2\/product\/11872","targetHints":{"allow":["GET"]}}],"collection":[{"href":"https:\/\/maisonmpi.com\/shop\/wp-json\/wp\/v2\/product"}],"about":[{"href":"https:\/\/maisonmpi.com\/shop\/wp-json\/wp\/v2\/types\/product"}],"version-history":[{"count":1,"href":"https:\/\/maisonmpi.com\/shop\/wp-json\/wp\/v2\/product\/11872\/revisions"}],"predecessor-version":[{"id":11877,"href":"https:\/\/maisonmpi.com\/shop\/wp-json\/wp\/v2\/product\/11872\/revisions\/11877"}],"wp:featuredmedia":[{"embeddable":true,"href":"https:\/\/maisonmpi.com\/shop\/wp-json\/wp\/v2\/media\/11876"}],"wp:attachment":[{"href":"https:\/\/maisonmpi.com\/shop\/wp-json\/wp\/v2\/media?parent=11872"}],"wp:term":[{"taxonomy":"product_brand","embeddable":true,"href":"https:\/\/maisonmpi.com\/shop\/wp-json\/wp\/v2\/product_brand?post=11872"},{"taxonomy":"product_cat","embeddable":true,"href":"https:\/\/maisonmpi.com\/shop\/wp-json\/wp\/v2\/product_cat?post=11872"},{"taxonomy":"product_tag","embeddable":true,"href":"https:\/\/maisonmpi.com\/shop\/wp-json\/wp\/v2\/product_tag?post=11872"}],"curies":[{"name":"wp","href":"https:\/\/api.w.org\/{rel}","templated":true}]}}