{"id":12592,"date":"2025-04-22T08:22:19","date_gmt":"2025-04-22T08:22:19","guid":{"rendered":"https:\/\/maisonmpi.com\/shop\/?post_type=product&#038;p=12592"},"modified":"2025-04-22T10:13:51","modified_gmt":"2025-04-22T10:13:51","slug":"imprimante-hp-laserjet-pro-couleur-cp5225dn-ce712a","status":"publish","type":"product","link":"https:\/\/maisonmpi.com\/shop\/produit\/imprimante-hp-laserjet-pro-couleur-cp5225dn-ce712a\/","title":{"rendered":"IMPRIMANTE HP LASERJET PRO COULEUR CP5225dn (CE712A)"},"content":{"rendered":"<div class=\"f-productProperties__col\">\n<dl class=\"f-productProperties__item\">\n<dt class=\"f-productProperties__term\">Technologie d&rsquo;impression<\/dt>\n<dd class=\"f-productProperties__definition\">Laser<\/dd>\n<\/dl>\n<dl class=\"f-productProperties__item\">\n<dt class=\"f-productProperties__term\">Typologie imprimante<\/dt>\n<dd class=\"f-productProperties__definition\">Imprimante groupe de travail<\/dd>\n<\/dl>\n<dl class=\"f-productProperties__item\">\n<dt class=\"f-productProperties__term\">Impression<\/dt>\n<dd class=\"f-productProperties__definition\">Couleur<\/dd>\n<\/dl>\n<dl class=\"f-productProperties__item\">\n<dt class=\"f-productProperties__term\">Impression \u00e0 distance<\/dt>\n<dd class=\"f-productProperties__definition\">Oui<\/dd>\n<\/dl>\n<dl class=\"f-productProperties__item\">\n<dt class=\"f-productProperties__term\">Impression recto\/verso<\/dt>\n<dd class=\"f-productProperties__definition\">Oui<\/dd>\n<\/dl>\n<dl class=\"f-productProperties__item\">\n<dt class=\"f-productProperties__term\">Vitesse d&rsquo;impression couleur<\/dt>\n<dd class=\"f-productProperties__definition\">20,00 pages\/min.<\/dd>\n<\/dl>\n<dl class=\"f-productProperties__item\">\n<dt class=\"f-productProperties__term\">Vitesse d&rsquo;impression noir<\/dt>\n<dd class=\"f-productProperties__definition\">20,00 pages\/min.<\/dd>\n<\/dl>\n<dl class=\"f-productProperties__item\">\n<dt class=\"f-productProperties__term\">Vitesse d&rsquo;impression<\/dt>\n<dd class=\"f-productProperties__definition\">Jusqu&rsquo;\u00e0 20 ppm &#8211; noir &amp; blanc &#8211; A4 (210 x 297 mm), Jusqu&rsquo;\u00e0 20 ppm &#8211; couleur &#8211; A4 (210 x 297 mm)<\/dd>\n<\/dl>\n<dl class=\"f-productProperties__item f-productProperties__item--long \">\n<dt class=\"f-productProperties__term\">Format de papier g\u00e9r\u00e9<\/dt>\n<dd class=\"f-productProperties__definition\">Executive (184 x 267 mm), A4 (210 x 297 mm), A5 (148 x 210 mm), B5 (176 x 250 mm), A3 (297 x 420 mm), A3 (297 x 420 mm), C5 (162 x 229 mm), JIS B5 (182 x 257 mm)<\/dd>\n<\/dl>\n<dl class=\"f-productProperties__item\">\n<dt class=\"f-productProperties__term\">R\u00e9solution optique<\/dt>\n<dd class=\"f-productProperties__definition\">600 ppp<\/dd>\n<\/dl>\n<dl class=\"f-productProperties__item\">\n<dt class=\"f-productProperties__term\">Consommation en fonctionnement<\/dt>\n<dd class=\"f-productProperties__definition\">440,00 Watts<\/dd>\n<\/dl>\n<dl class=\"f-productProperties__item\">\n<dt class=\"f-productProperties__term\">Consommation en veille<\/dt>\n<dd class=\"f-productProperties__definition\">30,00 Watts<\/dd>\n<\/dl>\n<dl class=\"f-productProperties__item f-productProperties__item--long \">\n<dt class=\"f-productProperties__term\">Syst\u00e8mes d&rsquo;exploitation compatibles<\/dt>\n<dd class=\"f-productProperties__definition\">Apple MacOS X 10.3 ou plus r\u00e9cent, Linux, Microsoft Windows 2000, Microsoft Windows 7, Apple MacOS X 10.4 ou plus r\u00e9cent, Microsoft Windows Vista, Microsoft Windows Vista (\u00e9ditions 64 bits), Microsoft Windows Server 2008, Microsoft Windows XP, Windows XP \u00c9dition 64-Bit, Microsoft Windows Server 2003<\/dd>\n<\/dl>\n<dl class=\"f-productProperties__item\">\n<dt class=\"f-productProperties__term\">Alimentation<\/dt>\n<dd class=\"f-productProperties__definition\">Alimentation \u00e9lectrique<\/dd>\n<\/dl>\n<dl class=\"f-productProperties__item\">\n<dt class=\"f-productProperties__term\">Hauteur du produit<\/dt>\n<dd class=\"f-productProperties__definition\">33,80 cm<\/dd>\n<\/dl>\n<dl class=\"f-productProperties__item\">\n<dt class=\"f-productProperties__term\">Largeur du produit<\/dt>\n<dd class=\"f-productProperties__definition\">54,50 cm<\/dd>\n<\/dl>\n<dl class=\"f-productProperties__item\">\n<dt class=\"f-productProperties__term\">Profondeur du produit<\/dt>\n<dd class=\"f-productProperties__definition\">59,90 cm<\/dd>\n<\/dl>\n<dl class=\"f-productProperties__item\">\n<dt class=\"f-productProperties__term\">Poids du produit<\/dt>\n<dd class=\"f-productProperties__definition\">40,90 Kg<\/dd>\n<\/dl>\n<dl class=\"f-productProperties__item\">\n<dt class=\"f-productProperties__term\">Poids du produit<\/dt>\n<dd class=\"f-productProperties__definition\">40,90 Kg<\/dd>\n<\/dl>\n<dl class=\"f-productProperties__item\">\n<dt class=\"f-productProperties__term\">RAM install\u00e9e<\/dt>\n<dd class=\"f-productProperties__definition\">192,00 Mo<\/dd>\n<\/dl>\n<dl class=\"f-productProperties__item\">\n<dt class=\"f-productProperties__term\">Hauteur du produit<\/dt>\n<dd class=\"f-productProperties__definition\">33,80 cm<\/dd>\n<\/dl>\n<dl class=\"f-productProperties__item\">\n<dt class=\"f-productProperties__term\">Largeur du produit<\/dt>\n<dd class=\"f-productProperties__definition\">54,50 cm<\/dd>\n<\/dl>\n<dl class=\"f-productProperties__item\">\n<dt class=\"f-productProperties__term\">Poids<\/dt>\n<dd class=\"f-productProperties__definition\">40.9 kg<\/dd>\n<\/dl>\n<dl class=\"f-productProperties__item\">\n<dt class=\"f-productProperties__term\">Profondeur<\/dt>\n<dd class=\"f-productProperties__definition\">59,90 cm<\/dd>\n<\/dl>\n<dl class=\"f-productProperties__item\">\n<dt class=\"f-productProperties__term\">Type d&rsquo;imprimante<\/dt>\n<dd class=\"f-productProperties__definition\">Imprimante de groupe de travail &#8211; laser &#8211; couleur<\/dd>\n<\/dl>\n<dl class=\"f-productProperties__item\">\n<dt class=\"f-productProperties__term\">Type d&rsquo;imprimante<\/dt>\n<dd class=\"f-productProperties__definition\">Imprimante de groupe de travail &#8211; laser &#8211; couleur<\/dd>\n<\/dl>\n<dl class=\"f-productProperties__item\">\n<dt class=\"f-productProperties__term\">Vitesse d&rsquo;impression<\/dt>\n<dd class=\"f-productProperties__definition\">Jusqu&rsquo;\u00e0 20 ppm &#8211; noir &amp; blanc &#8211; A4 (210 x 297 mm) \u00a6 Jusqu&rsquo;\u00e0 20 ppm &#8211; couleur &#8211; A4 (210 x 297 mm)<\/dd>\n<\/dl>\n<dl class=\"f-productProperties__item\">\n<dt class=\"f-productProperties__term\">Vitesse d&rsquo;impression<\/dt>\n<dd class=\"f-productProperties__definition\">Jusqu&rsquo;\u00e0 20 ppm &#8211; noir &amp; blanc &#8211; A4 (210 x 297 mm) \u00a6 Jusqu&rsquo;\u00e0 20 ppm &#8211; couleur &#8211; A4 (210 x 297 mm)<\/dd>\n<\/dl>\n<dl class=\"f-productProperties__item\">\n<dt class=\"f-productProperties__term\">Technologie de connectivit\u00e9<\/dt>\n<dd class=\"f-productProperties__definition\">Filaire<\/dd>\n<\/dl>\n<dl class=\"f-productProperties__item\">\n<dt class=\"f-productProperties__term\">Technologie de connectivit\u00e9<\/dt>\n<dd class=\"f-productProperties__definition\">Filaire<\/dd>\n<\/dl>\n<dl class=\"f-productProperties__item\">\n<dt class=\"f-productProperties__term\">Interface<\/dt>\n<dd class=\"f-productProperties__definition\">USB, LAN<\/dd>\n<\/dl>\n<dl class=\"f-productProperties__item\">\n<dt class=\"f-productProperties__term\">Interface<\/dt>\n<dd class=\"f-productProperties__definition\">USB, LAN<\/dd>\n<\/dl>\n<dl class=\"f-productProperties__item\">\n<dt class=\"f-productProperties__term\">R\u00e9solution maximale (N&amp;B)<\/dt>\n<dd class=\"f-productProperties__definition\">600 ppp<\/dd>\n<\/dl>\n<dl class=\"f-productProperties__item\">\n<dt class=\"f-productProperties__term\">R\u00e9solution maximale (N&amp;B)<\/dt>\n<dd class=\"f-productProperties__definition\">600 ppp<\/dd>\n<\/dl>\n<dl class=\"f-productProperties__item\">\n<dt class=\"f-productProperties__term\">Technique d&rsquo;am\u00e9lioration de l&rsquo;image<\/dt>\n<dd class=\"f-productProperties__definition\">HP ImageREt 3600<\/dd>\n<\/dl>\n<dl class=\"f-productProperties__item\">\n<dt class=\"f-productProperties__term\">Technique d&rsquo;am\u00e9lioration de l&rsquo;image<\/dt>\n<dd class=\"f-productProperties__definition\">HP ImageREt 3600<\/dd>\n<\/dl>\n<dl class=\"f-productProperties__item\">\n<dt class=\"f-productProperties__term\">Impression recto-verso automatique<\/dt>\n<dd class=\"f-productProperties__definition\">Oui<\/dd>\n<\/dl>\n<dl class=\"f-productProperties__item\">\n<dt class=\"f-productProperties__term\">Impression recto-verso automatique<\/dt>\n<dd class=\"f-productProperties__definition\">Oui<\/dd>\n<\/dl>\n<dl class=\"f-productProperties__item\">\n<dt class=\"f-productProperties__term\">Support postscript<\/dt>\n<dd class=\"f-productProperties__definition\">Standard<\/dd>\n<\/dl>\n<dl class=\"f-productProperties__item\">\n<dt class=\"f-productProperties__term\">Support postscript<\/dt>\n<dd class=\"f-productProperties__definition\">Standard<\/dd>\n<\/dl>\n<dl class=\"f-productProperties__item\">\n<dt class=\"f-productProperties__term\">Langage(s) d&rsquo;impression<\/dt>\n<dd class=\"f-productProperties__definition\">PCL 5, PostScript 3, PCL 6<\/dd>\n<\/dl>\n<dl class=\"f-productProperties__item\">\n<dt class=\"f-productProperties__term\">Langage(s) d&rsquo;impression<\/dt>\n<dd class=\"f-productProperties__definition\">PCL 5, PostScript 3, PCL 6<\/dd>\n<\/dl>\n<dl class=\"f-productProperties__item\">\n<dt class=\"f-productProperties__term\">Processeur<\/dt>\n<dd class=\"f-productProperties__definition\">540 MHz<\/dd>\n<\/dl>\n<dl class=\"f-productProperties__item\">\n<dt class=\"f-productProperties__term\">Processeur<\/dt>\n<dd class=\"f-productProperties__definition\">540 MHz<\/dd>\n<\/dl>\n<dl class=\"f-productProperties__item\">\n<dt class=\"f-productProperties__term\">RAM install\u00e9e (max.)<\/dt>\n<dd class=\"f-productProperties__definition\">192 Mo \/ 448 Mo (maximum)<\/dd>\n<\/dl>\n<dl class=\"f-productProperties__item\">\n<dt class=\"f-productProperties__term\">RAM install\u00e9e (max.)<\/dt>\n<dd class=\"f-productProperties__definition\">192 Mo \/ 448 Mo (maximum)<\/dd>\n<\/dl>\n<dl class=\"f-productProperties__item\">\n<dt class=\"f-productProperties__term\">Type de support<\/dt>\n<dd class=\"f-productProperties__definition\">Enveloppes, transparents, \u00e9tiquettes, papier ordinaire, papier glac\u00e9, cartes, papier recycl\u00e9<\/dd>\n<\/dl>\n<dl class=\"f-productProperties__item\">\n<dt class=\"f-productProperties__term\">Type de support<\/dt>\n<dd class=\"f-productProperties__definition\">Enveloppes, transparents, \u00e9tiquettes, papier ordinaire, papier glac\u00e9, cartes, papier recycl\u00e9<\/dd>\n<\/dl>\n<dl class=\"f-productProperties__item\">\n<dt class=\"f-productProperties__term\">Classe de taille de support<\/dt>\n<dd class=\"f-productProperties__definition\">A3<\/dd>\n<\/dl>\n<dl class=\"f-productProperties__item\">\n<dt class=\"f-productProperties__term\">Classe de taille de support<\/dt>\n<dd class=\"f-productProperties__definition\">A3<\/dd>\n<\/dl>\n<dl class=\"f-productProperties__item\">\n<dt class=\"f-productProperties__term\">Taille de support max.<\/dt>\n<dd class=\"f-productProperties__definition\">A3 (297 x 420 mm)<\/dd>\n<\/dl>\n<dl class=\"f-productProperties__item\">\n<dt class=\"f-productProperties__term\">Taille de support max.<\/dt>\n<dd class=\"f-productProperties__definition\">A3 (297 x 420 mm)<\/dd>\n<\/dl>\n<dl class=\"f-productProperties__item f-productProperties__item--long \">\n<dt class=\"f-productProperties__term\">Formats standard reconnus<\/dt>\n<dd class=\"f-productProperties__definition\">Executive (184 x 267 mm), A4 (210 x 297 mm), A5 (148 x 210 mm), B5 (176 x 250 mm), A3 (297 x 420 mm), C5 (162 x 229 mm), JIS B5 (182 x 257 mm)<\/dd>\n<\/dl>\n<\/div>\n<div class=\"f-productProperties__col\">\n<dl class=\"f-productProperties__item f-productProperties__item--long \">\n<dt class=\"f-productProperties__term\">Formats standard reconnus<\/dt>\n<dd class=\"f-productProperties__definition\">Executive (184 x 267 mm), A4 (210 x 297 mm), A5 (148 x 210 mm), B5 (176 x 250 mm), A3 (297 x 420 mm), C5 (162 x 229 mm), JIS B5 (182 x 257 mm)<\/dd>\n<\/dl>\n<dl class=\"f-productProperties__item\">\n<dt class=\"f-productProperties__term\">Grammage<\/dt>\n<dd class=\"f-productProperties__definition\">60 g\/m2 &#8211; 220 g\/m2<\/dd>\n<\/dl>\n<dl class=\"f-productProperties__item\">\n<dt class=\"f-productProperties__term\">Grammage<\/dt>\n<dd class=\"f-productProperties__definition\">60 g\/m2 &#8211; 220 g\/m2<\/dd>\n<\/dl>\n<dl class=\"f-productProperties__item\">\n<dt class=\"f-productProperties__term\">Capacit\u00e9 totale<\/dt>\n<dd class=\"f-productProperties__definition\">350 feuilles<\/dd>\n<\/dl>\n<dl class=\"f-productProperties__item\">\n<dt class=\"f-productProperties__term\">Capacit\u00e9 totale<\/dt>\n<dd class=\"f-productProperties__definition\">350 feuilles<\/dd>\n<\/dl>\n<dl class=\"f-productProperties__item\">\n<dt class=\"f-productProperties__term\">Capacit\u00e9 de chargement maximum<\/dt>\n<dd class=\"f-productProperties__definition\">850 feuilles<\/dd>\n<\/dl>\n<dl class=\"f-productProperties__item\">\n<dt class=\"f-productProperties__term\">Capacit\u00e9 de chargement maximum<\/dt>\n<dd class=\"f-productProperties__definition\">850 feuilles<\/dd>\n<\/dl>\n<dl class=\"f-productProperties__item\">\n<dt class=\"f-productProperties__term\">Capacit\u00e9 des bacs de sortie<\/dt>\n<dd class=\"f-productProperties__definition\">250 feuilles<\/dd>\n<\/dl>\n<dl class=\"f-productProperties__item\">\n<dt class=\"f-productProperties__term\">Capacit\u00e9 des bacs de sortie<\/dt>\n<dd class=\"f-productProperties__definition\">250 feuilles<\/dd>\n<\/dl>\n<dl class=\"f-productProperties__item\">\n<dt class=\"f-productProperties__term\">Cycle d&rsquo;utilisation mensuel (maxi)<\/dt>\n<dd class=\"f-productProperties__definition\">75000 pages<\/dd>\n<\/dl>\n<dl class=\"f-productProperties__item\">\n<dt class=\"f-productProperties__term\">Cycle d&rsquo;utilisation mensuel (maxi)<\/dt>\n<dd class=\"f-productProperties__definition\">75000 pages<\/dd>\n<\/dl>\n<dl class=\"f-productProperties__item\">\n<dt class=\"f-productProperties__term\">R\u00e9seaux<\/dt>\n<dd class=\"f-productProperties__definition\">Serveur d&rsquo;impression &#8211; int\u00e9gr\u00e9<\/dd>\n<\/dl>\n<dl class=\"f-productProperties__item\">\n<dt class=\"f-productProperties__term\">R\u00e9seaux<\/dt>\n<dd class=\"f-productProperties__definition\">Serveur d&rsquo;impression &#8211; int\u00e9gr\u00e9<\/dd>\n<\/dl>\n<dl class=\"f-productProperties__item\">\n<dt class=\"f-productProperties__term\">Connexions<\/dt>\n<dd class=\"f-productProperties__definition\">1 x USB 2.0 &#8211; USB \u00e0 4 broches, type B \u00a6 1 x LAN &#8211; RJ-45<\/dd>\n<\/dl>\n<dl class=\"f-productProperties__item\">\n<dt class=\"f-productProperties__term\">Connexions<\/dt>\n<dd class=\"f-productProperties__definition\">1 x USB 2.0 &#8211; USB \u00e0 4 broches, type B \u00a6 1 x LAN &#8211; RJ-45<\/dd>\n<\/dl>\n<dl class=\"f-productProperties__item\">\n<dt class=\"f-productProperties__term\">P\u00e9riph\u00e9rique d&rsquo;alimentation<\/dt>\n<dd class=\"f-productProperties__definition\">Alimentation &#8211; interne<\/dd>\n<\/dl>\n<dl class=\"f-productProperties__item\">\n<dt class=\"f-productProperties__term\">P\u00e9riph\u00e9rique d&rsquo;alimentation<\/dt>\n<dd class=\"f-productProperties__definition\">Alimentation &#8211; interne<\/dd>\n<\/dl>\n<dl class=\"f-productProperties__item\">\n<dt class=\"f-productProperties__term\">Consommation \u00e9lectrique<\/dt>\n<dd class=\"f-productProperties__definition\">440 Watt<\/dd>\n<\/dl>\n<dl class=\"f-productProperties__item\">\n<dt class=\"f-productProperties__term\">Consommation \u00e9lectrique<\/dt>\n<dd class=\"f-productProperties__definition\">440 Watt<\/dd>\n<\/dl>\n<dl class=\"f-productProperties__item\">\n<dt class=\"f-productProperties__term\">Consommation en veille \/ sommeil<\/dt>\n<dd class=\"f-productProperties__definition\">30 Watt<\/dd>\n<\/dl>\n<dl class=\"f-productProperties__item\">\n<dt class=\"f-productProperties__term\">Consommation en veille \/ sommeil<\/dt>\n<dd class=\"f-productProperties__definition\">30 Watt<\/dd>\n<\/dl>\n<dl class=\"f-productProperties__item f-productProperties__item--long \">\n<dt class=\"f-productProperties__term\">Syst\u00e8me d&rsquo;exploitation requis<\/dt>\n<dd class=\"f-productProperties__definition\">Linux, Microsoft Windows 2000, Microsoft Windows XP, Windows XP \u00c9dition 64-Bit, Microsoft Windows Server 2003, Apple MacOS X 10.3 ou plus r\u00e9cent, Microsoft Windows 7, Apple MacOS X 10.4 ou plus r\u00e9cent, Microsoft Windows Vista, Microsoft Windows Vista (\u00e9ditions 64 bits), Microsoft Windows Server 2008<\/dd>\n<\/dl>\n<dl class=\"f-productProperties__item f-productProperties__item--long \">\n<dt class=\"f-productProperties__term\">Syst\u00e8me d&rsquo;exploitation requis<\/dt>\n<dd class=\"f-productProperties__definition\">Linux, Microsoft Windows 2000, Microsoft Windows XP, Windows XP \u00c9dition 64-Bit, Microsoft Windows Server 2003, Apple MacOS X 10.3 ou plus r\u00e9cent, Microsoft Windows 7, Apple MacOS X 10.4 ou plus r\u00e9cent, Microsoft Windows Vista, Microsoft Windows Vista (\u00e9ditions 64 bits), Microsoft Windows Server 2008<\/dd>\n<\/dl>\n<dl class=\"f-productProperties__item\">\n<dt class=\"f-productProperties__term\">Labellisation ENERGY STAR<\/dt>\n<dd class=\"f-productProperties__definition\">Oui<\/dd>\n<\/dl>\n<dl class=\"f-productProperties__item\">\n<dt class=\"f-productProperties__term\">Labellisation ENERGY STAR<\/dt>\n<dd class=\"f-productProperties__definition\">Oui<\/dd>\n<\/dl>\n<dl class=\"f-productProperties__item\">\n<dt class=\"f-productProperties__term\">Services &amp; maintenance<\/dt>\n<dd class=\"f-productProperties__definition\">Garantie de 1 an<\/dd>\n<\/dl>\n<dl class=\"f-productProperties__item\">\n<dt class=\"f-productProperties__term\">Services &amp; maintenance<\/dt>\n<dd class=\"f-productProperties__definition\">Garantie de 1 an<\/dd>\n<\/dl>\n<dl class=\"f-productProperties__item\">\n<dt class=\"f-productProperties__term\">D\u00e9tails des services et de la maintenance<\/dt>\n<dd class=\"f-productProperties__definition\">Garantie limit\u00e9e &#8211; 1 an &#8211; sur site &#8211; temps de r\u00e9ponse : jour ouvrable suivant<\/dd>\n<\/dl>\n<dl class=\"f-productProperties__item\">\n<dt class=\"f-productProperties__term\">D\u00e9tails des services et de la maintenance<\/dt>\n<dd class=\"f-productProperties__definition\">Garantie limit\u00e9e &#8211; 1 an &#8211; sur site &#8211; temps de r\u00e9ponse : jour ouvrable suivant<\/dd>\n<\/dl>\n<dl class=\"f-productProperties__item\">\n<dt class=\"f-productProperties__term\">Temp\u00e9rature de fonctionnement mini<\/dt>\n<dd class=\"f-productProperties__definition\">15 \u00b0C<\/dd>\n<\/dl>\n<dl class=\"f-productProperties__item\">\n<dt class=\"f-productProperties__term\">Temp\u00e9rature de fonctionnement mini<\/dt>\n<dd class=\"f-productProperties__definition\">15 \u00b0C<\/dd>\n<\/dl>\n<dl class=\"f-productProperties__item\">\n<dt class=\"f-productProperties__term\">Temp\u00e9rature de fonctionnement maxi<\/dt>\n<dd class=\"f-productProperties__definition\">27 \u00b0C<\/dd>\n<\/dl>\n<dl class=\"f-productProperties__item\">\n<dt class=\"f-productProperties__term\">Temp\u00e9rature de fonctionnement maxi<\/dt>\n<dd class=\"f-productProperties__definition\">27 \u00b0C<\/dd>\n<\/dl>\n<dl class=\"f-productProperties__item\">\n<dt class=\"f-productProperties__term\">Taux d&rsquo;humidit\u00e9 en fonctionnement<\/dt>\n<dd class=\"f-productProperties__definition\">10 &#8211; 80%<\/dd>\n<\/dl>\n<dl class=\"f-productProperties__item\">\n<dt class=\"f-productProperties__term\">Taux d&rsquo;humidit\u00e9 en fonctionnement<\/dt>\n<dd class=\"f-productProperties__definition\">10 &#8211; 80%<\/dd>\n<\/dl>\n<dl class=\"f-productProperties__item\">\n<dt class=\"f-productProperties__term\">Largeur<\/dt>\n<dd class=\"f-productProperties__definition\">54.5 cm<\/dd>\n<\/dl>\n<dl class=\"f-productProperties__item\">\n<dt class=\"f-productProperties__term\">Largeur<\/dt>\n<dd class=\"f-productProperties__definition\">54.5 cm<\/dd>\n<\/dl>\n<dl class=\"f-productProperties__item\">\n<dt class=\"f-productProperties__term\">Profondeur<\/dt>\n<dd class=\"f-productProperties__definition\">59.9 cm<\/dd>\n<\/dl>\n<dl class=\"f-productProperties__item\">\n<dt class=\"f-productProperties__term\">Profondeur<\/dt>\n<dd class=\"f-productProperties__definition\">59.9 cm<\/dd>\n<\/dl>\n<dl class=\"f-productProperties__item\">\n<dt class=\"f-productProperties__term\">Hauteur<\/dt>\n<dd class=\"f-productProperties__definition\">33.8 cm<\/dd>\n<\/dl>\n<dl class=\"f-productProperties__item\">\n<dt class=\"f-productProperties__term\">Hauteur<\/dt>\n<dd class=\"f-productProperties__definition\">33.8 cm<\/dd>\n<\/dl>\n<dl class=\"f-productProperties__item\">\n<dt class=\"f-productProperties__term\">Poids<\/dt>\n<dd class=\"f-productProperties__definition\">40.9 kg<\/dd>\n<\/dl>\n<dl class=\"f-productProperties__item\">\n<dt class=\"f-productProperties__term\">Poids<\/dt>\n<dd class=\"f-productProperties__definition\">40.9 kg<\/dd>\n<\/dl>\n<dl class=\"f-productProperties__item\">\n<dt class=\"f-productProperties__term\">Largeur (emball\u00e9e)<\/dt>\n<dd class=\"f-productProperties__definition\">71.8 cm<\/dd>\n<\/dl>\n<dl class=\"f-productProperties__item\">\n<dt class=\"f-productProperties__term\">Largeur (emball\u00e9e)<\/dt>\n<dd class=\"f-productProperties__definition\">71.8 cm<\/dd>\n<\/dl>\n<dl class=\"f-productProperties__item\">\n<dt class=\"f-productProperties__term\">Profondeur (emball\u00e9e)<\/dt>\n<dd class=\"f-productProperties__definition\">70.2 cm<\/dd>\n<\/dl>\n<dl class=\"f-productProperties__item\">\n<dt class=\"f-productProperties__term\">Profondeur (emball\u00e9e)<\/dt>\n<dd class=\"f-productProperties__definition\">70.2 cm<\/dd>\n<\/dl>\n<dl class=\"f-productProperties__item\">\n<dt class=\"f-productProperties__term\">Hauteur (Exp\u00e9dition)<\/dt>\n<dd class=\"f-productProperties__definition\">47.8 cm<\/dd>\n<\/dl>\n<dl class=\"f-productProperties__item\">\n<dt class=\"f-productProperties__term\">Hauteur (Exp\u00e9dition)<\/dt>\n<dd class=\"f-productProperties__definition\">47.8 cm<\/dd>\n<\/dl>\n<dl class=\"f-productProperties__item\">\n<dt class=\"f-productProperties__term\">Poids (Exp\u00e9dition)<\/dt>\n<dd class=\"f-productProperties__definition\">43 kg<\/dd>\n<\/dl>\n<dl class=\"f-productProperties__item\">\n<dt class=\"f-productProperties__term\">Poids (Exp\u00e9dition)<\/dt>\n<dd class=\"f-productProperties__definition\">43 kg<\/dd>\n<\/dl>\n<\/div>\n","protected":false},"excerpt":{"rendered":"<p>Hp color laserjet professional cp5225dn &#8211; imprimante &#8211; couleur &#8211; recto-verso &#8211; laser &#8211; a3 &#8211; 600 ppp &#8211; jusqu&rsquo;\u00e0 20 ppm (mono) \/ jusqu&rsquo;\u00e0 20 ppm (couleur) &#8211; capacit\u00e9:350 feuilles<\/p>\n","protected":false},"featured_media":12596,"template":"","meta":[],"product_brand":[],"product_cat":[235],"product_tag":[],"class_list":{"0":"post-12592","1":"product","2":"type-product","3":"status-publish","4":"has-post-thumbnail","6":"product_cat-imprimantes-scanners","8":"first","9":"instock","10":"taxable","11":"shipping-taxable","12":"purchasable","13":"product-type-simple"},"_links":{"self":[{"href":"https:\/\/maisonmpi.com\/shop\/wp-json\/wp\/v2\/product\/12592","targetHints":{"allow":["GET"]}}],"collection":[{"href":"https:\/\/maisonmpi.com\/shop\/wp-json\/wp\/v2\/product"}],"about":[{"href":"https:\/\/maisonmpi.com\/shop\/wp-json\/wp\/v2\/types\/product"}],"version-history":[{"count":1,"href":"https:\/\/maisonmpi.com\/shop\/wp-json\/wp\/v2\/product\/12592\/revisions"}],"predecessor-version":[{"id":12597,"href":"https:\/\/maisonmpi.com\/shop\/wp-json\/wp\/v2\/product\/12592\/revisions\/12597"}],"wp:featuredmedia":[{"embeddable":true,"href":"https:\/\/maisonmpi.com\/shop\/wp-json\/wp\/v2\/media\/12596"}],"wp:attachment":[{"href":"https:\/\/maisonmpi.com\/shop\/wp-json\/wp\/v2\/media?parent=12592"}],"wp:term":[{"taxonomy":"product_brand","embeddable":true,"href":"https:\/\/maisonmpi.com\/shop\/wp-json\/wp\/v2\/product_brand?post=12592"},{"taxonomy":"product_cat","embeddable":true,"href":"https:\/\/maisonmpi.com\/shop\/wp-json\/wp\/v2\/product_cat?post=12592"},{"taxonomy":"product_tag","embeddable":true,"href":"https:\/\/maisonmpi.com\/shop\/wp-json\/wp\/v2\/product_tag?post=12592"}],"curies":[{"name":"wp","href":"https:\/\/api.w.org\/{rel}","templated":true}]}}