{"id":12598,"date":"2025-04-22T08:31:08","date_gmt":"2025-04-22T08:31:08","guid":{"rendered":"https:\/\/maisonmpi.com\/shop\/?post_type=product&#038;p=12598"},"modified":"2025-04-22T10:13:17","modified_gmt":"2025-04-22T10:13:17","slug":"imprimante-multifonction-laser-monochrome-canon-i-sensys-mf275dw-5621c001aa-wa","status":"publish","type":"product","link":"https:\/\/maisonmpi.com\/shop\/produit\/imprimante-multifonction-laser-monochrome-canon-i-sensys-mf275dw-5621c001aa-wa\/","title":{"rendered":"Imprimante Multifonction Laser Monochrome Canon i-SENSYS MF275DW (5621C001AA-WA)"},"content":{"rendered":"<dl class=\"data-sheet\">\n<dt class=\"name\">Fonctions<\/dt>\n<dd class=\"value\">Impression, copie, scan, fax<\/dd>\n<dt class=\"name\">Technologie d&rsquo;impression<\/dt>\n<dd class=\"value\">Laser<\/dd>\n<dt class=\"name\">Cartouches d&rsquo;impression<\/dt>\n<dd class=\"value\">1 Cartouche de toner (noire)<\/dd>\n<dt class=\"name\">Vitesse d&rsquo;impression noir<\/dt>\n<dd class=\"value\">Recto : jusqu&rsquo;\u00e0 29 ppm (A4) Recto verso : jusqu&rsquo;\u00e0 18,5 ipm (A4)<\/dd>\n<dt class=\"name\">Qualit\u00e9 d&rsquo;impression noire<\/dt>\n<dd class=\"value\">Jusqu&rsquo;\u00e0 2400 \u00d7 600 ppp \u00e9quivalent<\/dd>\n<dt class=\"name\">\u00c9cran<\/dt>\n<dd class=\"value\">Tactile LCD\u00a0<sup><a href=\"https:\/\/www.iris.ma\/21042-imprimante-multifonction-laser-monochrome-canon-i-sensys-mf275dw-5621c001aa.html\" target=\"_blank\" rel=\"noopener\">1<\/a><\/sup>\u00a0noir et blanc de 6 lignes<\/dd>\n<dt class=\"name\">Cycle d&rsquo;utilisation<\/dt>\n<dd class=\"value\">20.000 pages par mois maximum<\/dd>\n<dt class=\"name\">Volume de pages mensuel recommand\u00e9<\/dt>\n<dd class=\"value\">150 \u00e0 2000 pages par mois<\/dd>\n<dt class=\"name\">Connectivit\u00e9<\/dt>\n<dd class=\"value\">USB 2.0 Haute Vitesse, 10BASE-T\/100BASE-TX, Wi-Fi, connexion directe sans fil<\/dd>\n<dt class=\"name\">Impression recto\/verso<\/dt>\n<dd class=\"value\">Automatique<\/dd>\n<dt class=\"name\">Capacit\u00e9 bac papier<\/dt>\n<dd class=\"value\">Chargeur papier (standard): Cassette 150 feuilles Bac multifonctions 1 feuille CAD de 35 feuilles<\/dd>\n<dt class=\"name\">Formats de supports pris en charge<\/dt>\n<dd class=\"value\">Cassette :<br \/>\nA4, A5, B5, A6, L\u00e9gal, Lettre, Executive, Statement, OFFICIO, B-OFFICIO, M-OFFICIO, GLTR, GLGL, Foolscap, 16K, Enveloppe (COM10, Monarch, DL, C5), Formats personnalis\u00e9s : 76 \u00d7 127 mm (min.) \u00e0 216 \u00d7 356 mm (max.)Chargeur automatique de documents :<br \/>\nA4, A5, A6*, B5, B6, L\u00e9gal, Lettre, Formats personnalis\u00e9s : 105 x 148 mm (min.) \u00e0 216 x 356 mm (max.)<br \/>\n*Pi\u00e8ce jointe requise<\/dd>\n<dt class=\"name\">Types de support pris en charge<\/dt>\n<dd class=\"value\">Papier ordinaire, papier recycl\u00e9, papier \u00e9pais, papier fin, papier de luxe, \u00e9tiquette, carte postale, enveloppe<\/dd>\n<dt class=\"name\">Dimensions (l x p x h)<\/dt>\n<dd class=\"value\">390 \u00d7 374 \u00d7 368 mm<\/dd>\n<dt class=\"name\">Poids net<\/dt>\n<dd class=\"value\">Env. 11,4 kg<\/dd>\n<dt class=\"name\">M\u00e9moire install\u00e9e<\/dt>\n<dd class=\"value\">256 Mo<\/dd>\n<dt class=\"name\">Cartouches compatibles<\/dt>\n<dd class=\"value\">Toner 071 (1200 pages)<br \/>\nToner 071H (2500 pages)<\/dd>\n<dt class=\"name\">T\u00e9l\u00e9copieur<\/dt>\n<dd class=\"value\">Mode de r\u00e9ception: T\u00e9l\u00e9copie uniquement, commutation auto. fax\/t\u00e9l., mode r\u00e9pondeur, r\u00e9ception manuelle<br \/>\nR\u00e9solution t\u00e9l\u00e9copieur Normal : 200 \u00d7 100 ppp, Fine : 200 \u00d7 200 ppp, Photo : 200 \u00d7 200 ppp, Super fine : 200 \u00d7 400 ppp<br \/>\nM\u00e9moire fax: Jusqu&rsquo;\u00e0 256 pages<br \/>\nNum\u00e9rotation rapide: Jusqu&rsquo;\u00e0 104 num\u00e9rotations<br \/>\nT\u00e9l\u00e9copie recto verso: Oui (\u00e9mission et r\u00e9ception)<\/dd>\n<dt class=\"name\">Photocopieur<\/dt>\n<dd class=\"value\">Vitesse de copie: Recto : jusqu&rsquo;\u00e0 29 ppm (A4), Recto verso : jusqu&rsquo;\u00e0 18,5 ipm (A4)<br \/>\nR\u00e9solution de copie: Jusqu&rsquo;\u00e0 600 \u00d7 600 ppp<br \/>\nCopie recto verso: Recto \u00e0 recto verso (automatique)<br \/>\nCopies multiples: Jusqu&rsquo;\u00e0 999 copies<\/dd>\n<dt class=\"name\">Scanner<\/dt>\n<dd class=\"value\">Type de scanner: Scanner \u00e0 plat et chargeur automatique de documents<br \/>\nR\u00e9solution de num\u00e9risation: Optique : jusqu&rsquo;\u00e0 600 \u00d7 600 ppp, Am\u00e9lior\u00e9e : jusqu&rsquo;\u00e0 9600 \u00d7 9600 ppp<br \/>\nVitesse de num\u00e9risation Vitre : Monochrome recto : 2,7 s\/page (300 \u00d7 600 ppp), Recto couleur : 3,5 s\/page (300 \u00d7 300 ppp); Chargeur automatique de documents : Recto noir et blanc : 20 ipm (300 \u00d7 600 ppp), Recto couleur : 15 ipm (300 \u00d7 300 dpi)<br \/>\nProfondeur de num\u00e9risation de couleur: 24 bits\/24 bits (entr\u00e9e\/sortie)<br \/>\nNiveaux de gris: 256 niveaux<\/dd>\n<dt class=\"name\">Logiciels inclus<\/dt>\n<dd class=\"value\">MF Scan Utility, interface utilisateur \u00e0 distance (RUI), outil d&rsquo;indication d&rsquo;\u00e9tat du toner<\/dd>\n<dt class=\"name\">Formats et grammages de supports<\/dt>\n<dd class=\"value\">Cassette : 60 \u00e0 163 g\/m\u00b2<br \/>\nChargeur automatique de documents : de 105 \u00e0 128 g\/m\u00b2 (feuille individuelle)<br \/>\n50 \u00e0 105 g\/m\u00b2 (plusieurs feuilles)<\/dd>\n<\/dl>\n","protected":false},"excerpt":{"rendered":"<p>Impression, copie, scan, fax<br \/>\nVitesse d&rsquo;impression noir: Recto : jusqu&rsquo;\u00e0 29 ppm (A4) Recto verso : jusqu&rsquo;\u00e0 18,5 ipm (A4)<br \/>\nQualit\u00e9 d&rsquo;impression noire: Jusqu&rsquo;\u00e0 2400 \u00d7 600 ppp \u00e9quivalent<br \/>\nVolume de pages mensuel recommand\u00e9: 150 \u00e0 2000 pages par mois<br \/>\nImpression recto\/verso: Automatique<br \/>\nFonctionne avec: 1 Cartouche de toner (noire)<br \/>\nConnectivit\u00e9: USB 2.0 Haute Vitesse, 10BASE-T\/100BASE-TX, Wi-Fi, connexion directe sans fil<\/p>\n","protected":false},"featured_media":12601,"template":"","meta":[],"product_brand":[],"product_cat":[235],"product_tag":[],"class_list":{"0":"post-12598","1":"product","2":"type-product","3":"status-publish","4":"has-post-thumbnail","6":"product_cat-imprimantes-scanners","8":"first","9":"instock","10":"taxable","11":"shipping-taxable","12":"purchasable","13":"product-type-simple"},"_links":{"self":[{"href":"https:\/\/maisonmpi.com\/shop\/wp-json\/wp\/v2\/product\/12598","targetHints":{"allow":["GET"]}}],"collection":[{"href":"https:\/\/maisonmpi.com\/shop\/wp-json\/wp\/v2\/product"}],"about":[{"href":"https:\/\/maisonmpi.com\/shop\/wp-json\/wp\/v2\/types\/product"}],"version-history":[{"count":2,"href":"https:\/\/maisonmpi.com\/shop\/wp-json\/wp\/v2\/product\/12598\/revisions"}],"predecessor-version":[{"id":12603,"href":"https:\/\/maisonmpi.com\/shop\/wp-json\/wp\/v2\/product\/12598\/revisions\/12603"}],"wp:featuredmedia":[{"embeddable":true,"href":"https:\/\/maisonmpi.com\/shop\/wp-json\/wp\/v2\/media\/12601"}],"wp:attachment":[{"href":"https:\/\/maisonmpi.com\/shop\/wp-json\/wp\/v2\/media?parent=12598"}],"wp:term":[{"taxonomy":"product_brand","embeddable":true,"href":"https:\/\/maisonmpi.com\/shop\/wp-json\/wp\/v2\/product_brand?post=12598"},{"taxonomy":"product_cat","embeddable":true,"href":"https:\/\/maisonmpi.com\/shop\/wp-json\/wp\/v2\/product_cat?post=12598"},{"taxonomy":"product_tag","embeddable":true,"href":"https:\/\/maisonmpi.com\/shop\/wp-json\/wp\/v2\/product_tag?post=12598"}],"curies":[{"name":"wp","href":"https:\/\/api.w.org\/{rel}","templated":true}]}}