{"id":12801,"date":"2025-06-19T09:19:30","date_gmt":"2025-06-19T09:19:30","guid":{"rendered":"https:\/\/maisonmpi.com\/shop\/?post_type=product&#038;p=12801"},"modified":"2025-06-19T09:19:31","modified_gmt":"2025-06-19T09:19:31","slug":"ordinateur-portable-hp-probook-450-g10-15-ci5-8gb-512ssd-85c43eabh4","status":"publish","type":"product","link":"https:\/\/maisonmpi.com\/shop\/produit\/ordinateur-portable-hp-probook-450-g10-15-ci5-8gb-512ssd-85c43eabh4\/","title":{"rendered":"Ordinateur portable HP PROBOOK 450 G10 15 CI5 8GB  512SSD (85C43EA#BH4)"},"content":{"rendered":"<table class=\"c-product-all-details-table__table\" role=\"table\">\n<caption class=\"c-product-all-details-table__caption\">\u00a0<\/caption>\n<tbody>\n<tr class=\"c-product-all-details-table__tr\" role=\"row\">\n<th class=\"c-product-all-details-table__th\" role=\"rowheader\"><\/th>\n<td class=\"c-product-all-details-table__td m-text-rte\" role=\"cell\"><\/td>\n<\/tr>\n<tr class=\"c-product-all-details-table__tr\" role=\"row\">\n<th class=\"c-product-all-details-table__th\" role=\"rowheader\">Famille de processeurs<\/th>\n<td class=\"c-product-all-details-table__td m-text-rte\" role=\"cell\">Processeur Intel\u00ae Core\u2122 i5 de 13e g\u00e9n\u00e9ration<\/td>\n<\/tr>\n<tr class=\"c-product-all-details-table__tr\" role=\"row\">\n<th class=\"c-product-all-details-table__th\" role=\"rowheader\">Processeur<\/th>\n<td class=\"c-product-all-details-table__td m-text-rte\" role=\"cell\"><span>Intel\u00ae Core\u2122 i5-1335U (jusqu\u2019\u00e0 4,6 GHz avec technologie Intel\u00ae Turbo Boost, 12 Mo de cache L3, 10 c\u0153urs, 12\u00a0<\/span><span class=\"m-text-nowrap\"><span>fils)<\/span><span class=\"c-footnote-container\">\u00a0<sup><span class=\"footnote__number\">1<\/span><\/sup>\u00a0<sup><span class=\"footnote__number\">2<\/span><\/sup><\/span><\/span><\/td>\n<\/tr>\n<tr class=\"c-product-all-details-table__tr\" role=\"row\">\n<th class=\"c-product-all-details-table__th\" role=\"rowheader\">Graphisme<\/th>\n<td class=\"c-product-all-details-table__td m-text-rte\" role=\"cell\">Int\u00e9gr\u00e9<\/p>\n<p><span>Carte graphique Intel\u00ae Iris\u00ae Xe<\/span><span class=\"footnotes\">(Les capacit\u00e9s graphiques Intel\u00ae Iris\u00ae Xe n\u00e9cessitent que le syst\u00e8me soit configur\u00e9 avec des processeurs Intel\u00ae Core\u2122 i5 ou i7 et une m\u00e9moire double canal. La carte graphique Intel\u00ae Iris\u00ae Xe avec des processeurs Intel\u00ae Core\u2122 i5 ou i7 et une m\u00e9moire monocanal ne fonctionnera qu\u2019en tant que carte graphique Intel\u00ae UHD.)<\/span><\/td>\n<\/tr>\n<tr class=\"c-product-all-details-table__tr\" role=\"row\">\n<th class=\"c-product-all-details-table__th\" role=\"rowheader\">M\u00e9moire<\/th>\n<td class=\"c-product-all-details-table__td m-text-rte\" role=\"cell\">8 Go DDR4-3200 MT\/s (1 x 8 GB)<\/p>\n<p>&nbsp;<\/td>\n<\/tr>\n<tr class=\"c-product-all-details-table__tr\" role=\"row\">\n<th class=\"c-product-all-details-table__th\" role=\"rowheader\">Emplacements de m\u00e9moire<\/th>\n<td class=\"c-product-all-details-table__td m-text-rte\" role=\"cell\">2 modules SODIMM<\/td>\n<\/tr>\n<tr class=\"c-product-all-details-table__tr\" role=\"row\">\n<th class=\"c-product-all-details-table__th\" role=\"rowheader\">Stockage interne<\/th>\n<td class=\"c-product-all-details-table__td m-text-rte\" role=\"cell\">Disque SSD PCIe\u00ae NVMe\u2122 de 512 Go<\/p>\n<p>&nbsp;<\/td>\n<\/tr>\n<tr class=\"c-product-all-details-table__tr\" role=\"row\">\n<th class=\"c-product-all-details-table__th\" role=\"rowheader\">Montrer<\/th>\n<td class=\"c-product-all-details-table__td m-text-rte\" role=\"cell\"><span>15,6 pouces de diagonale, FHD (1920 x 1080), tactile, IPS, cadre \u00e9troit, 250 nits, 45 %\u00a0<\/span><span class=\"m-text-nowrap\"><span>NTSC<\/span><span class=\"c-footnote-container\">\u00a0<sup><span class=\"footnote__number\">3<\/span><\/sup>\u00a0<sup><span class=\"footnote__number\">4<\/span><\/sup>\u00a0<sup><span class=\"footnote__number\">5<\/span><\/sup><\/span><\/span><\/td>\n<\/tr>\n<tr class=\"c-product-all-details-table__tr\" role=\"row\">\n<th class=\"c-product-all-details-table__th\" role=\"rowheader\">Montrer<\/th>\n<td class=\"c-product-all-details-table__td m-text-rte\" role=\"cell\"><span>39,6 cm (15,6 pouces) de diagonale, FHD (1920 x 1080), tactile, IPS, cadre \u00e9troit, 250 nits, 45 %\u00a0<\/span><span class=\"m-text-nowrap\"><span>NTSC<\/span><span class=\"c-footnote-container\">\u00a0<sup><span class=\"footnote__number\">3<\/span><\/sup>\u00a0<sup><span class=\"footnote__number\">4<\/span><\/sup>\u00a0<sup><span class=\"footnote__number\">5<\/span><\/sup><\/span><\/span><\/td>\n<\/tr>\n<tr class=\"c-product-all-details-table__tr\" role=\"row\">\n<th class=\"c-product-all-details-table__th\" role=\"rowheader\">\u00c9cran tactile<\/th>\n<td class=\"c-product-all-details-table__td m-text-rte\" role=\"cell\">Oui<\/td>\n<\/tr>\n<tr class=\"c-product-all-details-table__tr\" role=\"row\">\n<th class=\"c-product-all-details-table__th\" role=\"rowheader\">Gamme de couleurs<\/th>\n<td class=\"c-product-all-details-table__td m-text-rte\" role=\"cell\">45 % NTSC<\/td>\n<\/tr>\n<tr class=\"c-product-all-details-table__tr\" role=\"row\">\n<th class=\"c-product-all-details-table__th\" role=\"rowheader\">Luminosit\u00e9<\/th>\n<td class=\"c-product-all-details-table__td m-text-rte\" role=\"cell\">250 nits<\/td>\n<\/tr>\n<tr class=\"c-product-all-details-table__tr\" role=\"row\">\n<th class=\"c-product-all-details-table__th\" role=\"rowheader\">Dimensions (L x P x H)<\/th>\n<td class=\"c-product-all-details-table__td m-text-rte\" role=\"cell\"><span>35,94 x 23,39 x 1,99 cm\u00a0<\/span><\/td>\n<\/tr>\n<tr class=\"c-product-all-details-table__tr\" role=\"row\">\n<th class=\"c-product-all-details-table__th\" role=\"rowheader\">Poids<\/th>\n<td class=\"c-product-all-details-table__td m-text-rte\" role=\"cell\"><span>\u00c0 partir de 1,79 kg\u00a0<\/span><span class=\"footnotes\">(Le poids varie selon la configuration. N\u2019inclut pas l\u2019adaptateur d\u2019alimentation.)<\/span><\/td>\n<\/tr>\n<tr class=\"c-product-all-details-table__tr\" role=\"row\">\n<th class=\"c-product-all-details-table__th\" role=\"rowheader\">Logiciel inclus<\/th>\n<td class=\"c-product-all-details-table__td m-text-rte\" role=\"cell\">Optimiseur de connexion HP ; Prise en charge des raccourcis clavier HP ; Assistant d\u2019assistance HP\u00a0; Gestionnaire d\u2019alimentation HP\u00a0; myHP\u00a0; Param\u00e8tres de confidentialit\u00e9 HP ; Notifications HP\u00a0; HP QuickDrop\u00a0; Diagnostics mat\u00e9riels pour PC HP, Windows ; Analyse des services HP\u00a0; HP Smart Support (t\u00e9l\u00e9chargement)<\/td>\n<\/tr>\n<tr class=\"c-product-all-details-table__tr\" role=\"row\">\n<th class=\"c-product-all-details-table__th\" role=\"rowheader\">Fonctionnalit\u00e9s de gestion<\/th>\n<td class=\"c-product-all-details-table__td m-text-rte\" role=\"cell\"><span>Biblioth\u00e8que de scripts de gestion des clients HP (t\u00e9l\u00e9chargement) ; Packs de pilotes HP (t\u00e9l\u00e9chargement) ; Catalogue client HP (t\u00e9l\u00e9chargement) ; Kit d\u2019int\u00e9gration de gestion HP Gen4 (t\u00e9l\u00e9chargement) ; HP Image Assistant Gen5 (t\u00e9l\u00e9chargement) ; HP Cloud\u00a0<\/span><span class=\"m-text-nowrap\"><span>R\u00e9cup\u00e9ration<\/span><span class=\"c-footnote-container\">\u00a0<sup><span class=\"footnote__number\">6<\/span><\/sup>\u00a0<sup><span class=\"footnote__number\">7<\/span><\/sup><\/span><\/span><\/td>\n<\/tr>\n<tr class=\"c-product-all-details-table__tr\" role=\"row\">\n<th class=\"c-product-all-details-table__th\" role=\"rowheader\">Type de batterie<\/th>\n<td class=\"c-product-all-details-table__td m-text-rte\" role=\"cell\"><span>HP Li-ion longue dur\u00e9e 3 cellules, 51 Wh\u00a0<\/span><\/td>\n<\/tr>\n<tr class=\"c-product-all-details-table__tr\" role=\"row\">\n<th class=\"c-product-all-details-table__th\" role=\"rowheader\">Autonomie de la batterie<\/th>\n<td class=\"c-product-all-details-table__td m-text-rte\" role=\"cell\"><span class=\"footnotes\">(La batterie est interne et ne peut pas \u00eatre remplac\u00e9e par le client. R\u00e9parable par garantie.)<\/span><\/td>\n<\/tr>\n<tr class=\"c-product-all-details-table__tr\" role=\"row\">\n<th class=\"c-product-all-details-table__th\" role=\"rowheader\">Sans fil<\/th>\n<td class=\"c-product-all-details-table__td m-text-rte\" role=\"cell\"><span>Carte sans fil Intel\u00ae Wi-Fi 6E AX211 (2&#215;2) et Bluetooth\u00ae 5.3 (prise en charge du d\u00e9bit de donn\u00e9es gigabit)\u00a0<\/span><\/td>\n<\/tr>\n<tr class=\"c-product-all-details-table__tr\" role=\"row\">\n<th class=\"c-product-all-details-table__th\" role=\"rowheader\">Couleur du produit<\/th>\n<td class=\"c-product-all-details-table__td m-text-rte\" role=\"cell\">Aluminium argent\u00e9 brochet<\/td>\n<\/tr>\n<tr class=\"c-product-all-details-table__tr\" role=\"row\">\n<th class=\"c-product-all-details-table__th\" role=\"rowheader\">Clavier<\/th>\n<td class=\"c-product-all-details-table__td m-text-rte\" role=\"cell\">Clavier HP Premium \u2013 Clavier r\u00e9tro\u00e9clair\u00e9 r\u00e9sistant aux \u00e9claboussures avec pav\u00e9 num\u00e9rique<\/td>\n<\/tr>\n<tr class=\"c-product-all-details-table__tr\" role=\"row\">\n<th class=\"c-product-all-details-table__th\" role=\"rowheader\">Cam\u00e9ra<\/th>\n<td class=\"c-product-all-details-table__td m-text-rte\" role=\"cell\">Cam\u00e9ra HD 720p<\/td>\n<\/tr>\n<tr class=\"c-product-all-details-table__tr\" role=\"row\">\n<th class=\"c-product-all-details-table__th\" role=\"rowheader\">Audio<\/th>\n<td class=\"c-product-all-details-table__td m-text-rte\" role=\"cell\">Deux haut-parleurs st\u00e9r\u00e9o, deux microphones<\/td>\n<\/tr>\n<tr class=\"c-product-all-details-table__tr\" role=\"row\">\n<th class=\"c-product-all-details-table__th\" role=\"rowheader\">Dispositif de pointage<\/th>\n<td class=\"c-product-all-details-table__td m-text-rte\" role=\"cell\">Pav\u00e9 tactile avec prise en charge des gestes multi-touch, tapotements activ\u00e9s par d\u00e9faut<\/td>\n<\/tr>\n<tr class=\"c-product-all-details-table__tr\" role=\"row\">\n<th class=\"c-product-all-details-table__th\" role=\"rowheader\">Ports<\/th>\n<td class=\"c-product-all-details-table__td m-text-rte\" role=\"cell\">2 ports USB Type-A 5 Gbit\/s (1 charge, 1 alimentation) ; 1 alimentation CA\u00a0; 1 port HDMI 2.1 ; 1 prise combo st\u00e9r\u00e9o casque\/microphone ; 1 RJ-45 ; 2 ports USB Type-C\u00ae 10 Gbit\/s (USB Power Delivery, DisplayPort\u2122 2.1)<\/p>\n<p>&nbsp;<\/p>\n<p>&nbsp;<\/p>\n<p>&nbsp;<\/p>\n<p>&nbsp;<\/td>\n<\/tr>\n<tr class=\"c-product-all-details-table__tr\" role=\"row\">\n<th class=\"c-product-all-details-table__th\" role=\"rowheader\">Pouvoir<\/th>\n<td class=\"c-product-all-details-table__td m-text-rte\" role=\"cell\"><span>65 W USB Type-C\u2122\u00a0<\/span><span class=\"m-text-nowrap\"><span>adaptateur<\/span><span class=\"c-footnote-container\">\u00a0<sup><span class=\"footnote__number\">8<\/span><\/sup><\/span><\/span><\/td>\n<\/tr>\n<tr class=\"c-product-all-details-table__tr\" role=\"row\">\n<th class=\"c-product-all-details-table__th\" role=\"rowheader\">Gestion de la s\u00e9curit\u00e9<\/th>\n<td class=\"c-product-all-details-table__td m-text-rte\" role=\"cell\"><span>Module de persistance absolue ; HP DriveLock et DriveLock automatique ; Effacement s\u00e9curis\u00e9 HP\u00a0; Clic s\u00fbr HP\u00a0; HP Sure Sense\u00a0; Mise \u00e0 jour du BIOS via le r\u00e9seau ; HP Sure Admin\u00a0; HP BIOSphere de 6e g\u00e9n\u00e9ration ; Gestionnaire de s\u00e9curit\u00e9 client HP Gen7 ; Puce de s\u00e9curit\u00e9 embarqu\u00e9e TPM 2.0 (Crit\u00e8res Communs EAL4+ et FIPS 140-2 Niveau 2) ; HP Sure Start de 7e g\u00e9n\u00e9ration\u00a0; HP Wake sur WLAN ; Verrou anti-sabotage HP\u00a0; HP Sure Run de 5e g\u00e9n\u00e9ration\u00a0; PC \u00e0 c\u0153ur s\u00e9curis\u00e9\u00a0<\/span><span class=\"m-text-nowrap\"><span>Activer<\/span><span class=\"c-footnote-container\">\u00a0<sup><span class=\"footnote__number\">9<\/span><\/sup>\u00a0<sup><span class=\"footnote__number\">10<\/span><\/sup>\u00a0<sup><span class=\"footnote__number\">11<\/span><\/sup>\u00a0<sup><span class=\"footnote__number\">12<\/span><\/sup>\u00a0<sup><span class=\"footnote__number\">13<\/span><\/sup>\u00a0<sup><span class=\"footnote__number\">14<\/span><\/sup>\u00a0<sup><span class=\"footnote__number\">15<\/span><\/sup>\u00a0<sup><span class=\"footnote__number\">16<\/span><\/sup>\u00a0<sup><span class=\"footnote__number\">17<\/span><\/sup>\u00a0<sup><span class=\"footnote__number\">18<\/span><\/sup>\u00a0<sup><span class=\"footnote__number\">19<\/span><\/sup>\u00a0<sup><span class=\"footnote__number\">20<\/span><\/sup>\u00a0<sup><span class=\"footnote__number\">21<\/span><\/sup><\/span><\/span><\/td>\n<\/tr>\n<tr class=\"c-product-all-details-table__tr\" role=\"row\">\n<th class=\"c-product-all-details-table__th\" role=\"rowheader\">Lecteur d\u2019empreintes digitales<\/th>\n<td class=\"c-product-all-details-table__td m-text-rte\" role=\"cell\">Lecteur d\u2019empreintes digitales<\/td>\n<\/tr>\n<tr class=\"c-product-all-details-table__tr\" role=\"row\">\n<th class=\"c-product-all-details-table__th\" role=\"rowheader\">Sp\u00e9cifications de l\u2019impact durable<\/th>\n<td class=\"c-product-all-details-table__td m-text-rte\" role=\"cell\"><span>Faible teneur en halog\u00e8ne\u00a0; Emballage en vrac disponible\u00a0; Le coussin en p\u00e2te \u00e0 papier moul\u00e9e \u00e0 l\u2019int\u00e9rieur de la bo\u00eete est 100\u00a0% issu de sources durables et recyclables\u00a0; Les coussins ext\u00e9rieurs en bo\u00eete et en carton ondul\u00e9 sont 100 % issus de sources durables et recyclables ; 10 % recycl\u00e9 post-consommation\u00a0<\/span><span class=\"m-text-nowrap\"><span>plastique<\/span><span class=\"c-footnote-container\">\u00a0<sup><span class=\"footnote__number\">22<\/span><\/sup><\/span><\/span><\/td>\n<\/tr>\n<tr class=\"c-product-all-details-table__tr\" role=\"row\">\n<th class=\"c-product-all-details-table__th\" role=\"rowheader\">Garantie du fabricant<\/th>\n<td class=\"c-product-all-details-table__td m-text-rte\" role=\"cell\">La garantie limit\u00e9e de 1 an (1\/1\/0) comprend 1 an de pi\u00e8ces et de main-d\u2019\u0153uvre. Aucune r\u00e9paration sur place. Les conditions g\u00e9n\u00e9rales varient selon les pays. Certaines restrictions et exclusions s\u2019appliquent.<\/td>\n<\/tr>\n<\/tbody>\n<\/table>\n","protected":false},"excerpt":{"rendered":"<p>L\u2019ordinateur portable HP ProBook 450 de 15 pouces offre aux entreprises en pleine croissance un ordinateur durable dot\u00e9 d\u2019outils de collaboration et de connectivit\u00e9 int\u00e9gr\u00e9s avec une s\u00e9curit\u00e9 multicouche des terminaux, r\u00e9pondant ainsi aux attentes de qualit\u00e9 commerciale.<\/p>\n","protected":false},"featured_media":12805,"template":"","meta":[],"product_brand":[],"product_cat":[299],"product_tag":[],"class_list":{"0":"post-12801","1":"product","2":"type-product","3":"status-publish","4":"has-post-thumbnail","6":"product_cat-ordinateurs-portables","8":"first","9":"instock","10":"taxable","11":"shipping-taxable","12":"purchasable","13":"product-type-simple"},"_links":{"self":[{"href":"https:\/\/maisonmpi.com\/shop\/wp-json\/wp\/v2\/product\/12801","targetHints":{"allow":["GET"]}}],"collection":[{"href":"https:\/\/maisonmpi.com\/shop\/wp-json\/wp\/v2\/product"}],"about":[{"href":"https:\/\/maisonmpi.com\/shop\/wp-json\/wp\/v2\/types\/product"}],"version-history":[{"count":2,"href":"https:\/\/maisonmpi.com\/shop\/wp-json\/wp\/v2\/product\/12801\/revisions"}],"predecessor-version":[{"id":12808,"href":"https:\/\/maisonmpi.com\/shop\/wp-json\/wp\/v2\/product\/12801\/revisions\/12808"}],"wp:featuredmedia":[{"embeddable":true,"href":"https:\/\/maisonmpi.com\/shop\/wp-json\/wp\/v2\/media\/12805"}],"wp:attachment":[{"href":"https:\/\/maisonmpi.com\/shop\/wp-json\/wp\/v2\/media?parent=12801"}],"wp:term":[{"taxonomy":"product_brand","embeddable":true,"href":"https:\/\/maisonmpi.com\/shop\/wp-json\/wp\/v2\/product_brand?post=12801"},{"taxonomy":"product_cat","embeddable":true,"href":"https:\/\/maisonmpi.com\/shop\/wp-json\/wp\/v2\/product_cat?post=12801"},{"taxonomy":"product_tag","embeddable":true,"href":"https:\/\/maisonmpi.com\/shop\/wp-json\/wp\/v2\/product_tag?post=12801"}],"curies":[{"name":"wp","href":"https:\/\/api.w.org\/{rel}","templated":true}]}}